{"id":29177,"date":"2020-04-20T13:51:21","date_gmt":"2020-04-20T11:51:21","guid":{"rendered":"https:\/\/www.limango.de\/magazin\/?page_id=29177"},"modified":"2020-04-20T17:05:03","modified_gmt":"2020-04-20T15:05:03","slug":"limango-insider","status":"publish","type":"page","link":"https:\/\/www.limango.de\/magazin\/limango-insider\/","title":{"rendered":"Botschafter Programm"},"content":{"rendered":"<p>[vc_row][vc_column css=&#8220;.vc_custom_1586944608707{padding-top: 20px !important;}&#8220;][vc_column_text css=&#8220;.vc_custom_1587383024802{padding-top: 50px !important;}&#8220;]<\/p>\n<h1>HELLO limango INSIDER!<\/h1>\n<p>[\/vc_column_text][\/vc_column][\/vc_row][vc_row][vc_column width=&#8220;5\/6&#8243;]<aside class=\"gap cf\" style=\"height:20px;\"><\/aside>[vc_column_text css=&#8220;.vc_custom_1587383457370{padding-bottom: 20px !important;}&#8220;]<\/p>\n<h5>Willkommen im Botschafter Test-Programm von limango! Spannende Angebote und Highlights warten auf Dich und Deine Freunde! Hier findest Du die wichtigsten Informationen kurz zusammengefasst.<\/h5>\n<h4><\/h4>\n<p>[\/vc_column_text]<img width=\"1300\" height=\"350\" src=\"https:\/\/www.limango.de\/magazin\/wp-content\/uploads\/2020\/04\/botschafter-programm-magazin-banner-2b-01.jpg\" class=\" left  attachment-full\" alt=\"\" loading=\"lazy\" srcset=\"https:\/\/www.limango.de\/magazin\/wp-content\/uploads\/2020\/04\/botschafter-programm-magazin-banner-2b-01.jpg 1300w, https:\/\/www.limango.de\/magazin\/wp-content\/uploads\/2020\/04\/botschafter-programm-magazin-banner-2b-01-300x81.jpg 300w, https:\/\/www.limango.de\/magazin\/wp-content\/uploads\/2020\/04\/botschafter-programm-magazin-banner-2b-01-768x207.jpg 768w, https:\/\/www.limango.de\/magazin\/wp-content\/uploads\/2020\/04\/botschafter-programm-magazin-banner-2b-01-1024x276.jpg 1024w, https:\/\/www.limango.de\/magazin\/wp-content\/uploads\/2020\/04\/botschafter-programm-magazin-banner-2b-01-600x162.jpg 600w\" sizes=\"(max-width: 1300px) 100vw, 1300px\" \/>[\/vc_column][vc_column width=&#8220;1\/6&#8243;][\/vc_column][\/vc_row][vc_row][vc_column css=&#8220;.vc_custom_1586943685860{padding-bottom: 2px !important;}&#8220;][vc_row_inner][vc_column_inner width=&#8220;5\/6&#8243;][vc_column_text css=&#8220;.vc_custom_1587050847650{padding-top: 50px !important;padding-bottom: 40px !important;background-position: center !important;background-repeat: no-repeat !important;background-size: cover !important;}&#8220;]<\/p>\n<p style=\"text-align: left;\">Wir von limango setzen alles daran, Deine eigenen W\u00fcnsche und die Deiner Familie zu verstehen, um genau die Markenprodukte aufzusp\u00fcren, die f\u00fcr Euch im Alltag wichtig sind. Wir sorgen daf\u00fcr, dass Du die Produkte, denen Du vertraust zu einem erschwinglichen Preis kaufen und neue Top-Marken entdecken kannst. Unser Ziel ist es, Deine Shopping Community mit dem besten Angebot, den besten Preisen und dem besten Service zu sein.<\/p>\n<p><strong>Wir m\u00f6chten, dass viele weitere Familien von den limango-Vorteilen profitieren. Aus diesem Grund haben wir das limango Botschafter Programm auf die Beine gestellt, damit viele weitere Familien unseren Shop kennenlernen.<\/strong>[\/vc_column_text][\/vc_column_inner][vc_column_inner width=&#8220;1\/6&#8243;][\/vc_column_inner][\/vc_row_inner][\/vc_column][\/vc_row][vc_row][vc_column width=&#8220;5\/6&#8243;]<img width=\"800\" height=\"187\" src=\"https:\/\/www.limango.de\/magazin\/wp-content\/uploads\/2020\/04\/a3addaa7-91de-40d8-ae84-d2b967090790.jpg\" class=\" left  attachment-full\" alt=\"\" loading=\"lazy\" srcset=\"https:\/\/www.limango.de\/magazin\/wp-content\/uploads\/2020\/04\/a3addaa7-91de-40d8-ae84-d2b967090790.jpg 800w, https:\/\/www.limango.de\/magazin\/wp-content\/uploads\/2020\/04\/a3addaa7-91de-40d8-ae84-d2b967090790-300x70.jpg 300w, https:\/\/www.limango.de\/magazin\/wp-content\/uploads\/2020\/04\/a3addaa7-91de-40d8-ae84-d2b967090790-768x180.jpg 768w, https:\/\/www.limango.de\/magazin\/wp-content\/uploads\/2020\/04\/a3addaa7-91de-40d8-ae84-d2b967090790-600x140.jpg 600w\" sizes=\"(max-width: 800px) 100vw, 800px\" \/>[\/vc_column][vc_column width=&#8220;1\/6&#8243;][\/vc_column][vc_column][vc_toggle title=&#8220;&gt;&gt; HIER KLICKEN&#8220; el_id=&#8220;1587394450405-dd596b29-daeb&#8220;]<strong>Wie werde ich Botschafter? <\/strong>Wir freuen uns, dass Du dich f\u00fcr unser Botschafter Programm interessierst. Sende uns eine E-Mail mit einer kurzen Vorstellung deiner Person (Name, Alter, ggf. Instagram-Account und deine limango Lieblingsmarken) an &#x63;&#x6f;&#108;&#108;a&#x62;&#x40;&#x6c;&#105;ma&#x6e;&#x67;&#111;&#46;c&#x6f;&#x6d; oder nutze das untenstehende Kontaktformular.<\/p>\n<p><strong>Wie funktioniert das Botschafter Programm von limango? <\/strong>Du bist bereits Kundin bei limango und ein echter Fan von unserem Shop? Sehr gut! Denn dann ist das Botschafter Programm genau das Richtige f\u00fcr Dich! Als Botschafter von limango erh\u00e4lst du neben einem exklusiven Newsletter mit spannenden Lifestyle-Themen, zahlreiche Special Angebote zu Top Marken und Aktionen in unserem Shop. Deine Aufgabe ist es, genau diese Informationen mit so vielen Leuten wie m\u00f6glich zu teilen und ihnen somit von limango zu erz\u00e4hlen. Unser Ziel ist es, gemeinsam mit Dir, aus vielen Interessenten einen neuen zufriedenen limango Kunden zu machen.<\/p>\n<p><strong>Erhalte ich eine Verg\u00fctung? <\/strong>Nat\u00fcrlich sollst Du nicht leer ausgehen und von deinem Job als Markenbotschafter profitieren. Wie die Verg\u00fctung genau ausf\u00e4llt, h\u00e4ngt immer von der jeweiligen Aktion bzw. dem Projekt ab, welches wir Dir anbieten oder gemeinsam mit dir planen.<\/p>\n<p><strong>Kann ich eigene Ideen als Botschafter in das Programm mit einbringen? <\/strong>Na klar! Wir freuen uns jederzeit \u00fcber Deine Ideen, denn Du wei\u00dft am Besten, was deine Freunde, Bekannte und Familie interessiert und dazu bewegt, limango besser kennenzulernen.<\/p>\n<p><strong>Wann ist das Programm beendet? <\/strong>Wir sind daran interessiert eine langfristige Beziehung zu den limango-Botschaftern aufzubauen und euch immer wieder mit neuen Content und Ideen zu versorgen. Daher haben wir kein Ende des Botschafter Porgramms definiert.<\/p>\n<p><strong>Ich m\u00f6chte nicht mehr als Botschafter f\u00fcr limango t\u00e4tig sein &#8211; Was muss ich tun? <\/strong>Sende uns eine kurze Mail an <strong>&#x63;&#111;l&#x6c;&#97;b&#x40;&#108;i&#x6d;&#97;n&#x67;&#111;&#46;&#x63;&#x6f;m<\/strong> und eine kurze Begr\u00fcndung. Anschlie\u00dfend erh\u00e4lst du eine Best\u00e4tigungsmail von uns, dass du nicht mehr als Botschafter f\u00fcr limango t\u00e4tig bist. Wir freuen uns nat\u00fcrlich jederzeit, wenn Du wieder zu uns zur\u00fcckkehrst.<\/p>\n<p><strong>An wen kann ich mich wenden, wenn ich weitere Fragen habe? <\/strong>Tausche Dich gern jederzeit mit anderen Botschaftern in der dazugeh\u00f6rigen Facebook Gruppe aus. Sollten weitere Fragen unbeantwortet bleiben, dann schreib uns gern eine\u00a0 Mail an <strong>co&#108;&#108;&#97;&#x62;&#x40;&#x6c;&#x69;ma&#110;&#103;&#111;&#x2e;&#x63;&#x6f;&#x6d;<\/strong> oder nutze das <strong>Kontakformular<\/strong> auf dieser Seite.[\/vc_toggle][\/vc_column][\/vc_row][vc_row][vc_column][vc_column_text css=&#8220;.vc_custom_1587391947935{padding-bottom: 20px !important;}&#8220;]<\/p>\n<h4 style=\"text-align: left;\"><strong>Du m\u00f6chtest Botschafter werden oder hast ein andere Anliegen rund um das Botschafter Programm? <\/strong><strong>Dann schreibe uns\u00a0 eine Mail an <a href=\"&#x6d;&#x61;&#105;l&#x74;&#x6f;&#x3a;&#99;o&#x6c;&#x6c;&#x61;&#98;&#64;&#x6c;&#x69;&#x6d;&#97;n&#x67;&#x6f;&#x2e;&#99;o&#x6d;\"><em>&#99;o&#x6c;l&#x61;b&#x40;l&#x69;m&#x61;n&#x67;&#111;&#x2e;&#99;&#x6f;&#109;<\/em><\/a><br \/>\n<\/strong><\/h4>\n<p>[\/vc_column_text][\/vc_column][\/vc_row]<\/p>\n<div style=\"display: none;\"\n    class=\"kk-star-ratings kksr-valign-bottom kksr-align-left kksr-disabled\"\n    data-id=\"29177\"\n    data-slug=\"\">\n    <div class=\"kksr-stars\">\n    <div class=\"kksr-stars-inactive\">\n            <div class=\"kksr-star\" data-star=\"1\">\n            <div class=\"kksr-icon\" style=\"width: px; height: px;\"><\/div>\n        <\/div>\n            <div class=\"kksr-star\" data-star=\"2\">\n            <div class=\"kksr-icon\" style=\"width: px; height: px;\"><\/div>\n        <\/div>\n            <div class=\"kksr-star\" data-star=\"3\">\n            <div class=\"kksr-icon\" style=\"width: px; height: px;\"><\/div>\n        <\/div>\n            <div class=\"kksr-star\" data-star=\"4\">\n            <div class=\"kksr-icon\" style=\"width: px; height: px;\"><\/div>\n        <\/div>\n            <div class=\"kksr-star\" data-star=\"5\">\n            <div class=\"kksr-icon\" style=\"width: px; height: px;\"><\/div>\n        <\/div>\n    <\/div>\n    <div class=\"kksr-stars-active\" style=\"width: 0px;\">\n            <div class=\"kksr-star\">\n            <div class=\"kksr-icon\" style=\"width: px; height: px;\"><\/div>\n        <\/div>\n            <div class=\"kksr-star\">\n            <div class=\"kksr-icon\" style=\"width: px; height: px;\"><\/div>\n        <\/div>\n            <div class=\"kksr-star\">\n            <div class=\"kksr-icon\" style=\"width: px; height: px;\"><\/div>\n        <\/div>\n            <div class=\"kksr-star\">\n            <div class=\"kksr-icon\" style=\"width: px; height: px;\"><\/div>\n        <\/div>\n            <div class=\"kksr-star\">\n            <div class=\"kksr-icon\" style=\"width: px; height: px;\"><\/div>\n        <\/div>\n    <\/div>\n<\/div>\n    <div class=\"kksr-legend\">\n            <span class=\"kksr-muted\"><\/span>\n    <\/div>\n<\/div>\n","protected":false},"excerpt":{"rendered":"<p>[vc_row][vc_column css=&#8220;.vc_custom_1586944608707{padding-top: 20px !important;}&#8220;][vc_column_text css=&#8220;.vc_custom_1587383024802{padding-top: 50px !important;}&#8220;] HELLO limango INSIDER! [\/vc_column_text][\/vc_column][\/vc_row][vc_row][vc_column width=&#8220;5\/6&#8243;][vc_column_text css=&#8220;.vc_custom_1587383457370{padding-bottom: 20px !important;}&#8220;] Willkommen im Botschafter Test-Programm von limango! Spannende Angebote und Highlights warten auf Dich und Deine Freunde! Hier findest Du die wichtigsten Informationen kurz zusammengefasst. [\/vc_column_text][\/vc_column][vc_column width=&#8220;1\/6&#8243;][\/vc_column][\/vc_row][vc_row][vc_column css=&#8220;.vc_custom_1586943685860{padding-bottom: 2px !important;}&#8220;][vc_row_inner][vc_column_inner width=&#8220;5\/6&#8243;][vc_column_text css=&#8220;.vc_custom_1587050847650{padding-top: 50px !important;padding-bottom: 40px !important;background-position: center !important;background-repeat: no-repeat !important;background-size: cover [&hellip;]<\/p>\n","protected":false},"author":38,"featured_media":0,"parent":0,"menu_order":0,"comment_status":"closed","ping_status":"closed","template":"","meta":[],"yoast_head":"<!-- This site is optimized with the Yoast SEO plugin v17.1 - https:\/\/yoast.com\/wordpress\/plugins\/seo\/ -->\n<title>Botschafter Programm - limango Magazin<\/title>\n<meta name=\"robots\" content=\"index, follow, max-snippet:-1, max-image-preview:large, max-video-preview:-1\" \/>\n<link rel=\"canonical\" href=\"https:\/\/www.limango.de\/magazin\/limango-insider\/\" \/>\n<meta property=\"og:locale\" content=\"de_DE\" \/>\n<meta property=\"og:type\" content=\"article\" \/>\n<meta property=\"og:title\" content=\"Botschafter Programm - limango Magazin\" \/>\n<meta property=\"og:description\" content=\"[vc_row][vc_column css=&#8220;.vc_custom_1586944608707{padding-top: 20px !important;}&#8220;][vc_column_text css=&#8220;.vc_custom_1587383024802{padding-top: 50px !important;}&#8220;] HELLO limango INSIDER! [\/vc_column_text][\/vc_column][\/vc_row][vc_row][vc_column width=&#8220;5\/6&#8243;][vc_column_text css=&#8220;.vc_custom_1587383457370{padding-bottom: 20px !important;}&#8220;] Willkommen im Botschafter Test-Programm von limango! Spannende Angebote und Highlights warten auf Dich und Deine Freunde! Hier findest Du die wichtigsten Informationen kurz zusammengefasst. [\/vc_column_text][\/vc_column][vc_column width=&#8220;1\/6&#8243;][\/vc_column][\/vc_row][vc_row][vc_column css=&#8220;.vc_custom_1586943685860{padding-bottom: 2px !important;}&#8220;][vc_row_inner][vc_column_inner width=&#8220;5\/6&#8243;][vc_column_text css=&#8220;.vc_custom_1587050847650{padding-top: 50px !important;padding-bottom: 40px !important;background-position: center !important;background-repeat: no-repeat !important;background-size: cover [&hellip;]\" \/>\n<meta property=\"og:url\" content=\"https:\/\/www.limango.de\/magazin\/limango-insider\/\" \/>\n<meta property=\"og:site_name\" content=\"limango Magazin\" \/>\n<meta property=\"article:publisher\" content=\"https:\/\/www.facebook.com\/limango\" \/>\n<meta property=\"article:modified_time\" content=\"2020-04-20T15:05:03+00:00\" \/>\n<meta property=\"og:image\" content=\"https:\/\/www.limango.de\/magazin\/wp-content\/uploads\/2016\/07\/Kindergeld_beantragen-Kindergeldantrag.jpg\" \/>\n\t<meta property=\"og:image:width\" content=\"2048\" \/>\n\t<meta property=\"og:image:height\" content=\"1365\" \/>\n<meta name=\"twitter:card\" content=\"summary_large_image\" \/>\n<meta name=\"twitter:site\" content=\"@limango_de\" \/>\n<meta name=\"twitter:label1\" content=\"Gesch\u00e4tzte Lesezeit\" \/>\n\t<meta name=\"twitter:data1\" content=\"4 Minuten\" \/>\n<script type=\"application\/ld+json\" class=\"yoast-schema-graph\">{\"@context\":\"https:\/\/schema.org\",\"@graph\":[{\"@type\":\"WebSite\",\"@id\":\"https:\/\/www.limango.de\/magazin\/#website\",\"url\":\"https:\/\/www.limango.de\/magazin\/\",\"name\":\"limango Magazin\",\"description\":\"\",\"potentialAction\":[{\"@type\":\"SearchAction\",\"target\":{\"@type\":\"EntryPoint\",\"urlTemplate\":\"https:\/\/www.limango.de\/magazin\/?s={search_term_string}\"},\"query-input\":\"required name=search_term_string\"}],\"inLanguage\":\"de-DE\"},{\"@type\":\"WebPage\",\"@id\":\"https:\/\/www.limango.de\/magazin\/limango-insider\/#webpage\",\"url\":\"https:\/\/www.limango.de\/magazin\/limango-insider\/\",\"name\":\"Botschafter Programm - limango Magazin\",\"isPartOf\":{\"@id\":\"https:\/\/www.limango.de\/magazin\/#website\"},\"datePublished\":\"2020-04-20T11:51:21+00:00\",\"dateModified\":\"2020-04-20T15:05:03+00:00\",\"breadcrumb\":{\"@id\":\"https:\/\/www.limango.de\/magazin\/limango-insider\/#breadcrumb\"},\"inLanguage\":\"de-DE\",\"potentialAction\":[{\"@type\":\"ReadAction\",\"target\":[\"https:\/\/www.limango.de\/magazin\/limango-insider\/\"]}]},{\"@type\":\"BreadcrumbList\",\"@id\":\"https:\/\/www.limango.de\/magazin\/limango-insider\/#breadcrumb\",\"itemListElement\":[{\"@type\":\"ListItem\",\"position\":1,\"name\":\"Startseite\",\"item\":\"https:\/\/www.limango.de\/magazin\/\"},{\"@type\":\"ListItem\",\"position\":2,\"name\":\"Botschafter Programm\"}]}]}<\/script>\n<!-- \/ Yoast SEO plugin. -->","yoast_head_json":{"title":"Botschafter Programm - limango Magazin","robots":{"index":"index","follow":"follow","max-snippet":"max-snippet:-1","max-image-preview":"max-image-preview:large","max-video-preview":"max-video-preview:-1"},"canonical":"https:\/\/www.limango.de\/magazin\/limango-insider\/","og_locale":"de_DE","og_type":"article","og_title":"Botschafter Programm - limango Magazin","og_description":"[vc_row][vc_column css=&#8220;.vc_custom_1586944608707{padding-top: 20px !important;}&#8220;][vc_column_text css=&#8220;.vc_custom_1587383024802{padding-top: 50px !important;}&#8220;] HELLO limango INSIDER! [\/vc_column_text][\/vc_column][\/vc_row][vc_row][vc_column width=&#8220;5\/6&#8243;][vc_column_text css=&#8220;.vc_custom_1587383457370{padding-bottom: 20px !important;}&#8220;] Willkommen im Botschafter Test-Programm von limango! Spannende Angebote und Highlights warten auf Dich und Deine Freunde! Hier findest Du die wichtigsten Informationen kurz zusammengefasst. [\/vc_column_text][\/vc_column][vc_column width=&#8220;1\/6&#8243;][\/vc_column][\/vc_row][vc_row][vc_column css=&#8220;.vc_custom_1586943685860{padding-bottom: 2px !important;}&#8220;][vc_row_inner][vc_column_inner width=&#8220;5\/6&#8243;][vc_column_text css=&#8220;.vc_custom_1587050847650{padding-top: 50px !important;padding-bottom: 40px !important;background-position: center !important;background-repeat: no-repeat !important;background-size: cover [&hellip;]","og_url":"https:\/\/www.limango.de\/magazin\/limango-insider\/","og_site_name":"limango Magazin","article_publisher":"https:\/\/www.facebook.com\/limango","article_modified_time":"2020-04-20T15:05:03+00:00","og_image":[{"width":2048,"height":1365,"url":"https:\/\/www.limango.de\/magazin\/wp-content\/uploads\/2016\/07\/Kindergeld_beantragen-Kindergeldantrag.jpg","path":"\/var\/www\/magazin\/wp-content\/uploads\/2016\/07\/Kindergeld_beantragen-Kindergeldantrag.jpg","size":"full","id":21795,"alt":"Sommer 2019","pixels":2795520,"type":"image\/jpeg"}],"twitter_card":"summary_large_image","twitter_site":"@limango_de","twitter_misc":{"Gesch\u00e4tzte Lesezeit":"4 Minuten"},"schema":{"@context":"https:\/\/schema.org","@graph":[{"@type":"WebSite","@id":"https:\/\/www.limango.de\/magazin\/#website","url":"https:\/\/www.limango.de\/magazin\/","name":"limango Magazin","description":"","potentialAction":[{"@type":"SearchAction","target":{"@type":"EntryPoint","urlTemplate":"https:\/\/www.limango.de\/magazin\/?s={search_term_string}"},"query-input":"required name=search_term_string"}],"inLanguage":"de-DE"},{"@type":"WebPage","@id":"https:\/\/www.limango.de\/magazin\/limango-insider\/#webpage","url":"https:\/\/www.limango.de\/magazin\/limango-insider\/","name":"Botschafter Programm - limango Magazin","isPartOf":{"@id":"https:\/\/www.limango.de\/magazin\/#website"},"datePublished":"2020-04-20T11:51:21+00:00","dateModified":"2020-04-20T15:05:03+00:00","breadcrumb":{"@id":"https:\/\/www.limango.de\/magazin\/limango-insider\/#breadcrumb"},"inLanguage":"de-DE","potentialAction":[{"@type":"ReadAction","target":["https:\/\/www.limango.de\/magazin\/limango-insider\/"]}]},{"@type":"BreadcrumbList","@id":"https:\/\/www.limango.de\/magazin\/limango-insider\/#breadcrumb","itemListElement":[{"@type":"ListItem","position":1,"name":"Startseite","item":"https:\/\/www.limango.de\/magazin\/"},{"@type":"ListItem","position":2,"name":"Botschafter Programm"}]}]}},"_links":{"self":[{"href":"https:\/\/www.limango.de\/magazin\/wp-json\/wp\/v2\/pages\/29177"}],"collection":[{"href":"https:\/\/www.limango.de\/magazin\/wp-json\/wp\/v2\/pages"}],"about":[{"href":"https:\/\/www.limango.de\/magazin\/wp-json\/wp\/v2\/types\/page"}],"author":[{"embeddable":true,"href":"https:\/\/www.limango.de\/magazin\/wp-json\/wp\/v2\/users\/38"}],"replies":[{"embeddable":true,"href":"https:\/\/www.limango.de\/magazin\/wp-json\/wp\/v2\/comments?post=29177"}],"version-history":[{"count":44,"href":"https:\/\/www.limango.de\/magazin\/wp-json\/wp\/v2\/pages\/29177\/revisions"}],"predecessor-version":[{"id":29246,"href":"https:\/\/www.limango.de\/magazin\/wp-json\/wp\/v2\/pages\/29177\/revisions\/29246"}],"wp:attachment":[{"href":"https:\/\/www.limango.de\/magazin\/wp-json\/wp\/v2\/media?parent=29177"}],"curies":[{"name":"wp","href":"https:\/\/api.w.org\/{rel}","templated":true}]}}